uppose 24 = k - 0*k - 5*a, 0 = -3*k - 5*a - 8. Suppose k*j - 33 = -1. Calculate the highest common divisor of u and j.
8
Let r be 2/(2/3)*1. Suppose 0 = -r*t - 5*z + 26, -2*t + 22 = z - 0*z. What is the greatest common factor of 108 and t?
12
Let o be (104/39)/((-2)/(-24)). Suppose 8*c - o = 4*c. Calculate the greatest common divisor of c and 8.
8
Suppose -3*l + 4*l - 7 = 0. Let u(x) = x**2 - 7*x + 3. Let j be u(l). What is the highest common factor of 24 and j?
3
Suppose -10 + 3 = v. Let t be (-3 + -2 - 0)*v. Calculate the greatest common divisor of 5 and t.
5
Suppose -3*n + 6 = 0, n + 0*n + 26 = 4*a. Let w(c) = c**3 - 7*c**2 + c + 9. Let i be w(a). What is the greatest common divisor of i and 128?
16
Suppose z + 70 = 2*z. Suppose 0*n + n = z. Suppose -5*u = -2*v + 25, -3*v + 33 = -u - 2*u. What is the highest common factor of v and n?
10
Suppose -2*l = 2*i - 12, 2*l + 5*i - 12 = 2*i. Let h = l + -1. Suppose 5 = -h*z + 70. What is the highest common divisor of z and 26?
13
Let c be -1 + 2 + 110/2. Suppose -2*g - 35 = -5*f - g, -4*g - 35 = -5*f. What is the greatest common factor of f and c?
7
Let a = -127 + 90. Let c = a + 69. Suppose 4*u = 4*v + 52, 4 + 32 = 3*u - 4*v. What is the greatest common factor of c and u?
16
Let y(c) = -c**3 + 5*c**2 + 6*c + 8. Let h be y(6). What is the greatest common factor of h and 16?
8
Let g be 15*((-2)/2)/(-1). Suppose -5*f = -r - 43, 4*r - 3 = -2*f + 1. Let s = -5 + f. Calculate the highest common divisor of g and s.
3
Suppose -i - i + 2 = 0. Let x = i + 47. Calculate the greatest common divisor of x and 12.
12
Let b(n) = -70*n - 2 + 2. Suppose -2*h - 2 = -0. Let w be b(h). Calculate the highest common divisor of 14 and w.
14
Let i = 129 - 89. Let a(r) = r + 16. Let c be a(0). Calculate the highest common divisor of c and i.
8
Suppose -4*t - t = 4*g + 20, 4*t + g = -5. Suppose 0 = 5*f - t*f - 30. What is the highest common divisor of f and 42?
6
Let m(u) = u**2 + 11*u + 21. Let k be m(-9). Calculate the highest common factor of k and 1.
1
Suppose -2*f = -f - 3. Let c(q) = 8*q - 4. Let v be c(f). What is the highest common divisor of 100 and v?
20
Let w be 4/(-12)*-12 - 124/(-2). Calculate the greatest common factor of 44 and w.
22
Let n = 17 + -8. What is the greatest common divisor of 63 and n?
9
Let c(u) = 5*u - 3. Let s be c(2). Suppose 100 = s*i - 2*i. Calculate the greatest common factor of 100 and i.
20
Let i(q) = q**3 - 3*q**2 - 5*q + 4. Let j be i(4). Suppose 2*a + a - 72 = j. Calculate the highest common factor of 6 and a.
6
Let d(i) = 2*i**2 - 13*i - 4. Let x be d(7). What is the highest common factor of x and 15?
3
Suppose -4*b + 9*b - 193 = -j, j + 80 = 2*b. What is the greatest common factor of b and 312?
39
Suppose -5*o + 18 - 58 = 0. Let s(n) = -2*n + 6. Let j be s(o). Suppose i + 6 = j. Calculate the highest common factor of 2 and i.
2
Suppose -9*w + 110 - 11 = 0. What is the highest common factor of w and 121?
11
Let z = 18 - 1. Suppose -z + 56 = n. Suppose -5*c - n = -129. Calculate the highest common divisor of c and 12.
6
Suppose -6*m = -2*m - 8. Calculate the highest common divisor of 10 and m.
2
Let a = -184 - -266. What is the greatest common divisor of 41 and a?
41
Suppose -k - 3*k + 248 = 0. Let r = k - 44. Suppose 0 = -o - 3*o + 648. Calculate the highest common factor of r and o.
18
Let c be (-33)/(-3) - (-1 - -2). Suppose 3*w = 2*w + 2*j - 6, 3*j - 8 = 2*w. What is the highest common factor of c and w?
2
Suppose -83*t = -86*t + 297. What is the highest common factor of t and 11?
11
Suppose 2*c + 1 - 233 = 0. Suppose -c = -5*a + 134. Calculate the greatest common divisor of a and 10.
10
Suppose 0*o + 3*o = 42. Suppose -4*c = c - 10. What is the greatest common divisor of o and c?
2
Suppose 0*k - 3*k + 6 = 0. Suppose k*f - 8 = 52. Suppose 5*r - y = 51, -2*r + 6*r - 39 = -y. What is the greatest common factor of r and f?
10
Suppose -4*r + 239 = 43. Let b(s) = s**3 + 6*s**2 + 5*s + 7. Let u be b(-5). What is the greatest common factor of u and r?
7
Suppose 2*b - 4 = -5*y - 5, 3 = -y. Calculate the greatest common factor of 7 and b.
7
Let g be 2/(-3) + 80/12. Suppose -v = -g*v + 410. Suppose b + v = 3*x, 0 = 3*x + 2*b - 37 - 51. What is the greatest common factor of x and 7?
7
Let g(p) = p**3 + 14*p**2 - 34*p + 13. Let q be g(-16). Calculate the greatest common divisor of 18 and q.
9
Let s(a) = a**3 - 4*a**2 + 3*a. Let n be s(5). Let u = -52 + 56. What is the greatest common factor of u and n?
4
Let g = 22 - 21. Let q = g + 11. Calculate the highest common divisor of 24 and q.
12
Suppose -4*v - 91 = 5*f, -2*f - v - 56 = f. Let g = 29 + f. What is the highest common divisor of g and 10?
10
Suppose -4*d + 367 - 151 = 0. Suppose -6*n + 6 = -5*n. What is the highest common divisor of d and n?
6
Suppose 2*g = -0*g + 28. Calculate the highest common factor of 126 and g.
14
Suppose 0 = -4*k + 5*n + 65, -29 - 45 = -5*k - n. What is the highest common divisor of k and 120?
15
Suppose -70 = 2*b - 9*b. Suppose 2*s = -3*s. Suppose 5*h - b = -s. Calculate the highest common divisor of h and 16.
2
Suppose -5*g - r = -3*r - 201, -2*r - 162 = -4*g. Suppose g = 2*w - 171. Let j be (-3)/((-6)/32) - 1. What is the greatest common factor of j and w?
15
Let r be (33/(-2))/(6/(-280)). Let k be r/99 - 2/(-9). What is the highest common divisor of k and 72?
8
Let f = 134 + -66. What is the greatest common divisor of f and 102?
34
Let g be 18/6 + 3*1. Calculate the greatest common factor of g and 4.
2
Suppose 115 = 2*s - 4*k + 7, -2*k + 2 = 0. Suppose 3*o + g - 44 = -10, 4*o = 4*g + s. Calculate the highest common divisor of o and 24.
12
Let r(h) = -12*h + 27. Let y be r(-15). What is the greatest common divisor of 23 and y?
23
Suppose -4*c - 228 = -2*u, c - 212 = -2*u - 3*c. Calculate the greatest common factor of 22 and u.
22
Let o = -10 + 2. Let s be o/24 - 20/(-6). What is the greatest common factor of s and 27?
3
Suppose -3*v + 5*g = -190, -4*v - g = -396 + 158. Let a be (32/6)/(-4)*-18. What is the greatest common factor of a and v?
12
Let y(b) = b**2 + 3*b - 5. Let g be -5*(0 + (-12)/(-15)). Let s be y(g). Let z be (-5 - (-1 + 1))*s. Calculate the highest common divisor of 55 and z.
5
Suppose 0 = -13*c + 296 + 432. What is the highest common divisor of 392 and c?
56
Suppose 6*p - 612 = 2*p. Let q = p - 58. Calculate the highest common factor of q and 19.
19
Let z(u) = 15*u. Let h be z(1). Let r = 53 - 47. Calculate the greatest common divisor of h and r.
3
Let i be 12/3 - (1 + 2). Let u(n) = 32*n**3 + n**2 + n - 1. Let r be u(i). Calculate the greatest common factor of r and 3.
3
Let o(h) = 7*h**2 + 4*h - 3. Let t be o(-5). Suppose 4*k = -4*a + t, 5*a - 122 = 2*a - 5*k. Let m = 15 + a. What is the highest common factor of 7 and m?
7
Let m be 0 - -1 - 4/4. Suppose -2*v + 4*j + 12 = m, 3*v + 11 = j + 44. Calculate the greatest common divisor of 8 and v.
4
Let n(r) = r**3 + 8*r**2 - 10*r - 7. Let l be n(-9). Let v be 13/2 - 1/l. What is the highest common factor of v and 3?
3
Let t be 6/2 + 20/2. What is the greatest common divisor of 117 and t?
13
Let l(u) = -u**2 - 8*u - 2. Let t be l(-4). Calculate the greatest common factor of t and 112.
14
Let w be ((-2)/7)/((-5)/140). Calculate the greatest common factor of w and 104.
8
Let p(a) = a**3 + 9*a**2 - 8*a + 21. Let d be p(-10). Calculate the greatest common factor of 2 and d.
1
Suppose -25 = -3*k - 2*k. Let i = -2 + k. Suppose g + 119 - 12 = m, -5*m = i*g - 519. Calculate the greatest common divisor of m and 15.
15
Suppose 174 = 2*q - 198. Let j = 346 - q. Calculate the highest common factor of j and 16.
16
Let n(j) = 11*j**2 + 1. Let k be n(-1). Let c = k + -1. Suppose -1 = z - t - c, 5*z - 45 = 4*t. Calculate the greatest common divisor of 15 and z.
5
Let u be (48/(-60))/(2/(-5)). What is the greatest common divisor of u and 8?
2
Let l(d) = d**3 - 9*d**2 + d + 2. Let o be l(9). Let u = 2 + 31. Calculate the highest common factor of o and u.
11
Let d = 34 + -28. Calculate the highest common factor of 6 and d.
6
Let w(i) = 26*i**2 - i. Let n be w(-1). What is the greatest common factor of 243 and n?
27
Let y be (22/6)/(1/(-24)). Let c = -52 - y. What is the greatest common divisor of c and 9?
9
Suppose -3*d + 3 = -0. Suppose 3*z = 2*b + 16, -z + 2*b